{"id":17555,"date":"2025-12-28T11:00:01","date_gmt":"2025-12-28T10:00:01","guid":{"rendered":"http:\/\/www.aicw.it\/?page_id=17555"},"modified":"2025-12-23T11:54:29","modified_gmt":"2025-12-23T10:54:29","slug":"modalita-tesseramento-2026","status":"publish","type":"page","link":"https:\/\/www.aicw.it\/index.php\/modalita-tesseramento-2026\/","title":{"rendered":"Modalit\u00e0 tesseramento 2026"},"content":{"rendered":"<p><strong>IL TESSERAMENTO PER LA STAGIONE 2026 PARTIR\u00e0\u00a0 DAL 1 GENNAIO PER I RINNOVI MENTRE DAL 8 GENNAIO I NUOVI TESSERAMENTI.Ricordiamo che saremo attivi post 7 Gennaio 2026 quindi dopo tale date riceverete le tessere!!!<br \/>\n<\/strong><\/p>\n<p><strong>RICORDIAMO:<\/strong> la tessera sar\u00e0 solo di tipo digitale chi lo desidera potra stamparsela e plastificarla, per il ricevimento necessario un mail valida (verificate e communicatecelo eventuale cambio email) .<\/p>\n<p><strong>Il termine per il rinnovo del tesseramento 2026 \u00e8 fissato al 28 Febbraio 2026.<\/strong><\/p>\n<p><strong>RICORDIAMO NON SARANNO ACCETTATI CAMBI TIPOLOGIA DA ORDINARIO A SILVER ARTISTICO\u00a0 ALTRE TIPOLOGIE , O SILVER\u00a0 A ONESHOT CAUSA ANCHE NUMERI\u00a0 ABBINATI E TIPOLOGIE DI REGATE !!!<\/strong><\/p>\n<p><strong>Per il 2026 le tipologie di tesseramento variano sensibilmente ,esisteranno ordinario e giovanile e solo settore artistico per le competizioni nazionali, vi invitiamo a visionare le quote (quindi invitiamo tutti ad attenta lettura della tessera che si\u00a0 avr\u00e0), non sono ammessi cambi in downgrade per i possessori numeri velici 1-2 cifre a meno che non si lasci il precedente numero velico per uno a 3-4 cifre dopo comunicazione e indicazione del nuovo numero abbinato tramite il coordinamento Nazionale via mail a segreteria@aicw.it.<\/strong><\/p>\n<p><strong>Ricordiamo che il rinnovo potr\u00e0 esser fatto dal 1 Gennaio 2026 entro il 28 Febbraio 2026, data della scadenza del rinnovo tesseramento senza maggiorazioni; si ricorda che il Coordinamento Nazionale risponder\u00e0 dal 8 Gennaio. Dal 1 Marzo al 30 Giugno 2026 si applica la mora di 15 euro; Ricordiamo La ONE-SHOT non \u00e8 usufruibile per gli atleti indicati socio giovanile o \u201cunder 20 anni\u201d e non \u00e8 valida per gare di livello nazionale e internazionale. Chi rinnova dopo il 30 Giugno fino al 30 Settembre paga una mora del 50% del valore della tessera. Si prega sempre di contattare il coordinamento su segreteria@aicw.it prima di procedere ai pagamenti in caso di dubbi.<\/strong><\/p>\n<p><strong><br \/>\nDal 1 Aprile 2026 il SOCIO che non ha rinnovato perde il possesso del numero velico che potr\u00e0 essere abbinato ad altro socio; Trascorso tale termine il Socio che non avr\u00e0 rinnovato il tesseramento attraverso il pagamento della quota annuale perde il diritto a mantenere il proprio numero velico, che potr\u00e0 quindi essere assegnato ad altri atleti.<\/strong><\/p>\n<p><strong>Dal 1 Agosto 2026 il <\/strong><strong>Socio, che non ha rinnovato in maniera regolare contando il coordinamento via email e seguendo le quote e procedure di rinnovo, DECADE e per essere riammesso deve ripresentare la domanda di ammissione all\u2019Associazione .<\/strong><\/p>\n<p>&nbsp;<\/p>\n<p><strong>Si fa presente che, tassativamente, sar\u00e0 obbligatorio essere tesserati entro le 48 ore ANTECEDENTI qualsiasi regata A.I.C.W. Tale limite \u00e8 imposto per evidenti questioni di carattere organizzativo ed assicurativo. NON \u00e8 VALIDO MANDARE SOLO IL PAGAMENTO MA SI RICORDA DI CONTATTARE SEMPRE VIA EMAIL IL COORDINAMENTO PER RICEVERE LA TESSERA DIGITALE DA PRESENTARE TRAMITE SMARTPHONE.<\/strong><\/p>\n<p><strong>NON saranno pertanto accettate iscrizioni in sede di regata.<\/strong><\/p>\n<hr \/>\n<p>&nbsp;<\/p>\n<p align=\"center\"><strong>COME EFFETTUARE IL RINNOVO DEL TESSERAMENTO<\/strong><\/p>\n<p><strong>Il tesseramento si perfeziona attraverso il pagamento della quota sociale, secondo gli importi riportati al link<\/strong><\/p>\n<p>http:\/\/www.aicw.it\/index.php\/tipologie-tesseramento-2026\/<\/p>\n<p align=\"center\">se successivi alle date indicate di scadenza del 1 Marzo e poi del 1 Giugno devono rispettare le maggiorazioni<\/p>\n<p>&nbsp;<\/p>\n<p><strong>Il pagamento potr\u00e0 essere effettuato secondo una delle due possibilit\u00e0 alternative:<\/strong><\/p>\n<ol>\n<li><strong>BONIFICO BANCARIO sul conto corrente n. 793,\u00a0 Banco BPM\u00a0 SPA, Filiale di Lugo di Romagna, intestato ad Associazione Italiana Classi Windsurf.<\/strong><\/li>\n<li><strong>IBAN: IT75W0503423801000000000793.<\/strong><\/li>\n<li><strong>I Soci devono indicare nel bonifico i seguenti dati: numero velico attuale, nome e cognome girare email della distinta a segreteria@aicw.it .<\/strong><\/li>\n<\/ol>\n<p><strong>Si invitano inoltre tutti i Soci, una volta effettuato il rinnovo <\/strong>se vi sono degli aggiornamenti nella residenza , email o recapiti o circolo di appartenenza vi invitiamo a mandare una mail al coordinamento a <a href=\"mailto:segreteria@aicw.it\">segreteria@aicw.it<\/a><\/p>\n<p>&nbsp;<\/p>\n<p>&nbsp;<\/p>\n<hr \/>\n<p>&nbsp;<\/p>\n<p><strong>COME EFFETTUARE IL PRIMO TESSERAMENTO<\/strong><\/p>\n<p><strong>Tutti gli ASPIRANTI SOCI <\/strong><strong>devono: <\/strong><\/p>\n<ol>\n<li><strong>Compilare\u00a0 il <a href=\"https:\/\/form.jotform.com\/212943779408366\"> modulo di ammissione online <\/a> o il <\/strong><strong> modulo di richiesta ammissione Soci 2026<\/strong><strong> inviandolo in formato digitale all\u2019indirizzo e-mail <\/strong><strong><a href=\"mailto:segreteria@aicw.it\">segreteria@aicw.it<\/a> <\/strong><strong>ed attendere il nulla osta;<\/strong><\/li>\n<li><strong>Appena ricevuta la conferma all\u2019iscrizione, la segreteria conferma all\u2019aspirante Socio uno dei numeri velici di preferenza tra quelli indicati nella\u00a0 richiesta ovviamente, per i quali AICW ha valutato la disponibilit\u00e0;<\/strong><\/li>\n<li><strong>Una volta ricevuta conferma del numero velico, il Socio perfeziona l\u2019iscrizione attraverso il pagamento della quota secondo le seguenti modalit\u00e0:<\/strong>\n<ul>\n<li><strong>BONIFICO BANCARIO sul conto corrente n. 793, presso\u00a0 Banco BPM SPA, Filiale di Lugo di Romagna, intestato ad Associazione Italiana Classi Windsurf, IBAN: IT75W0503423801000000000793 . <\/strong><\/li>\n<li><strong>I Soci devono indicare nel bonifico i seguenti dati: numero velico attuale, nome e cognome girare via email distinta di pagamento a segreteria@aicw.it .<\/strong><strong><br \/>\n<\/strong><\/li>\n<\/ul>\n<\/li>\n<\/ol>\n<p><a href=\"http:\/\/www.aicw.it\/index.php\/elenco-2024-0-9999\/\"><strong>VERIFICA QUI L\u2019ELENCO DEI NUMERI VELICI GIA\u2019 ASSEGNATI<\/strong><\/a><\/p>\n<hr \/>\n<p>&nbsp;<\/p>\n<p><strong>ogni ulteriore chiarimento relativo al primo tesseramento o ai successivi rinnovi potr\u00e0 essere richiesto inviando una mail all\u2019indirizzo del coordinamento <\/strong><\/p>\n<p><strong> <a href=\"mailto:segreteria@aicw.it\">segreteria@aicw.it<\/a><\/strong><\/p>\n","protected":false},"excerpt":{"rendered":"<p>IL TESSERAMENTO PER LA STAGIONE 2026 PARTIR\u00e0\u00a0 DAL 1 GENNAIO PER I RINNOVI MENTRE DAL 8 GENNAIO I NUOVI TESSERAMENTI.Ricordiamo che saremo attivi post 7 Gennaio 2026 quindi dopo tale date riceverete le tessere!!! RICORDIAMO: la tessera sar\u00e0 solo di tipo digitale chi lo desidera potra stamparsela e plastificarla, per il ricevimento necessario un mail [&hellip;]<\/p>\n","protected":false},"author":2,"featured_media":0,"parent":0,"menu_order":0,"comment_status":"closed","ping_status":"closed","template":"","meta":{"footnotes":""},"class_list":["post-17555","page","type-page","status-publish","czr-hentry"],"_links":{"self":[{"href":"https:\/\/www.aicw.it\/index.php\/wp-json\/wp\/v2\/pages\/17555","targetHints":{"allow":["GET"]}}],"collection":[{"href":"https:\/\/www.aicw.it\/index.php\/wp-json\/wp\/v2\/pages"}],"about":[{"href":"https:\/\/www.aicw.it\/index.php\/wp-json\/wp\/v2\/types\/page"}],"author":[{"embeddable":true,"href":"https:\/\/www.aicw.it\/index.php\/wp-json\/wp\/v2\/users\/2"}],"replies":[{"embeddable":true,"href":"https:\/\/www.aicw.it\/index.php\/wp-json\/wp\/v2\/comments?post=17555"}],"version-history":[{"count":5,"href":"https:\/\/www.aicw.it\/index.php\/wp-json\/wp\/v2\/pages\/17555\/revisions"}],"predecessor-version":[{"id":17629,"href":"https:\/\/www.aicw.it\/index.php\/wp-json\/wp\/v2\/pages\/17555\/revisions\/17629"}],"wp:attachment":[{"href":"https:\/\/www.aicw.it\/index.php\/wp-json\/wp\/v2\/media?parent=17555"}],"curies":[{"name":"wp","href":"https:\/\/api.w.org\/{rel}","templated":true}]}}