{"id":13868,"date":"2021-06-26T12:03:21","date_gmt":"2021-06-26T10:03:21","guid":{"rendered":"http:\/\/www.aicw.it\/?page_id=13868"},"modified":"2023-01-17T11:24:41","modified_gmt":"2023-01-17T10:24:41","slug":"assicurazione-rc-sinistri","status":"publish","type":"page","link":"https:\/\/www.aicw.it\/index.php\/assicurazione-rc-sinistri\/","title":{"rendered":"ASSICURAZIONE RC 2023 &#8211; comunicazione sinistri"},"content":{"rendered":"<p>La tessera aicw\u00a0 2023 \u00e8 comprensiva di Assicurazione Responsabilit\u00e0 Civile secondo i massimali richiesti da FederVela durante Eventi riconosciuti AICW ( cio\u00e8 a calendario regate aicw e eventi ifca-fw- raceboard).<\/p>\n<p>Nel caso di sinistro, per\u00f2, la franchigia \u00e8 aumentata a 300,00\u20ac, mentre con la vecchia polizza, addirittura del 2012, era di \u20ac 100,00, che venivano pagati da AICW; pertanto nel richiamare tutti all\u2019attenzione Vi confermo che AICW continuer\u00e0 a pagare per i Soci \u20ac 100,00 di franchigia a sinistro, e<strong> che l\u2019eccedenza, pari ad \u20ac 200,00 a sinistro,<\/strong> verr\u00e0 addebitata al <strong>danneggiante.<\/strong><\/p>\n<p>IN CASO DI SINITRO\u00a0 DURANTE REGATA &#8211; O ALLENAMENTI RICONOSCIUTI AICW:<\/p>\n<p>INVIARE MAIL A PRESIDENZA@AICW.IT ALLEGANDO FOTO E DINAMICA EVENTO, DATI TESSERATO E CONTATTI , DOVE ESSERE REPERIBILE INDICANDO\u00a0 E DATI DELL&#8217;ALTRO REGATANTE (SE STRANIERO EVENTUALE ALTRA ASSICURAZIONE ECT)<\/p>\n<p>VERRANO POI GIRATI ALL&#8217;ASSICURAZIONE.<\/p>\n<p>Per ulteriori info contattare la presidenza .<\/p>\n<p>&nbsp;<\/p>\n<p>&nbsp;<\/p>\n","protected":false},"excerpt":{"rendered":"<p>La tessera aicw\u00a0 2023 \u00e8 comprensiva di Assicurazione Responsabilit\u00e0 Civile secondo i massimali richiesti da FederVela durante Eventi riconosciuti AICW ( cio\u00e8 a calendario regate aicw e eventi ifca-fw- raceboard). Nel caso di sinistro, per\u00f2, la franchigia \u00e8 aumentata a 300,00\u20ac, mentre con la vecchia polizza, addirittura del 2012, era di \u20ac 100,00, che venivano [&hellip;]<\/p>\n","protected":false},"author":2,"featured_media":0,"parent":0,"menu_order":0,"comment_status":"closed","ping_status":"closed","template":"","meta":{"footnotes":""},"class_list":["post-13868","page","type-page","status-publish","czr-hentry"],"_links":{"self":[{"href":"https:\/\/www.aicw.it\/index.php\/wp-json\/wp\/v2\/pages\/13868","targetHints":{"allow":["GET"]}}],"collection":[{"href":"https:\/\/www.aicw.it\/index.php\/wp-json\/wp\/v2\/pages"}],"about":[{"href":"https:\/\/www.aicw.it\/index.php\/wp-json\/wp\/v2\/types\/page"}],"author":[{"embeddable":true,"href":"https:\/\/www.aicw.it\/index.php\/wp-json\/wp\/v2\/users\/2"}],"replies":[{"embeddable":true,"href":"https:\/\/www.aicw.it\/index.php\/wp-json\/wp\/v2\/comments?post=13868"}],"version-history":[{"count":6,"href":"https:\/\/www.aicw.it\/index.php\/wp-json\/wp\/v2\/pages\/13868\/revisions"}],"predecessor-version":[{"id":15494,"href":"https:\/\/www.aicw.it\/index.php\/wp-json\/wp\/v2\/pages\/13868\/revisions\/15494"}],"wp:attachment":[{"href":"https:\/\/www.aicw.it\/index.php\/wp-json\/wp\/v2\/media?parent=13868"}],"curies":[{"name":"wp","href":"https:\/\/api.w.org\/{rel}","templated":true}]}}